 is the remainder when 1223788 is divided by 238?
230
What is the remainder when 133130553 is divided by 39?
36
Calculate the remainder when 726270 is divided by 32.
30
Calculate the remainder when 109456116 is divided by 231.
0
What is the remainder when 71335 is divided by 17476?
1431
What is the remainder when 4195904 is divided by 2396?
508
Calculate the remainder when 3987945 is divided by 549.
9
What is the remainder when 278993 is divided by 139427?
139
What is the remainder when 833488 is divided by 8769?
433
Calculate the remainder when 127710992 is divided by 1112.
16
What is the remainder when 2030333 is divided by 97?
26
What is the remainder when 335940 is divided by 5417?
86
What is the remainder when 10894802 is divided by 13?
9
Calculate the remainder when 127188 is divided by 126748.
440
What is the remainder when 112360 is divided by 1641?
772
What is the remainder when 18611035 is divided by 82?
69
Calculate the remainder when 894393 is divided by 148952.
681
Calculate the remainder when 118766645 is divided by 308.
305
Calculate the remainder when 1900704 is divided by 4580.
4
Calculate the remainder when 32893 is divided by 8140.
333
What is the remainder when 107112 is divided by 8052?
2436
What is the remainder when 558141 is divided by 62015?
6
What is the remainder when 61979106 is divided by 91?
7
Calculate the remainder when 463330 is divided by 10295.
55
What is the remainder when 1313690 is divided by 620?
530
Calculate the remainder when 17370359 is divided by 140.
139
What is the remainder when 88960 is divided by 22220?
80
What is the remainder when 9705319 is divided by 3235089?
52
Calculate the remainder when 18268957 is divided by 32.
29
What is the remainder when 860362 is divided by 54?
34
Calculate the remainder when 1234 is divided by 48.
34
What is the remainder when 37046211 is divided by 199173?
33
Calculate the remainder when 3194395 is divided by 220.
215
What is the remainder when 127292387 is divided by 6777?
6773
What is the remainder when 2418693 is divided by 133?
88
What is the remainder when 185323 is divided by 3366?
193
Calculate the remainder when 60223 is divided by 3995.
298
Calculate the remainder when 214900 is divided by 773.
6
What is the remainder when 21790081 is divided by 3112867?
12
Calculate the remainder when 6019210 is divided by 2053.
1867
Calculate the remainder when 3642959 is divided by 860.
859
What is the remainder when 328788182 is divided by 8886167?
3
What is the remainder when 315294299 is divided by 876?
875
Calculate the remainder when 285806 is divided by 731.
716
What is the remainder when 65456982 is divided by 11?
8
What is the remainder when 4743865 is divided by 101?
97
Calculate the remainder when 639323 is divided by 5976.
5867
Calculate the remainder when 11601722 is divided by 62.
34
What is the remainder when 238274524 is divided by 29?
26
Calculate the remainder when 12007055 is divided by 388.
7
Calculate the remainder when 2178679 is divided by 726169.
172
What is the remainder when 394302 is divided by 64?
62
Calculate the remainder when 664840 is divided by 132839.
645
Calculate the remainder when 235693 is divided by 2266.
29
Calculate the remainder when 34607166 is divided by 1894.
1892
Calculate the remainder when 8924 is divided by 2118.
452
What is the remainder when 199192637 is divided by 162077?
4
Calculate the remainder when 18629 is divided by 6016.
581
What is the remainder when 349257 is divided by 30965?
8642
What is the remainder when 2322283 is divided by 774042?
157
What is the remainder when 199957 is divided by 3851?
3556
What is the remainder when 52657698 is divided by 2098?
2094
What is the remainder when 1560925 is divided by 320?
285
Calculate the remainder when 37320569 is divided by 706.
703
What is the remainder when 6703307 is divided by 11?
6
Calculate the remainder when 13090907 is divided by 3272724.
11
What is the remainder when 173425 is divided by 14920?
9305
What is the remainder when 60822456 is divided by 2531?
2526
What is the remainder when 796573 is divided by 7308?
1
What is the remainder when 48368 is divided by 5560?
3888
Calculate the remainder when 22934 is divided by 1136.
214
Calculate the remainder when 4685900 is divided by 2634.
14
Calculate the remainder when 14027504 is divided by 222658.
50
Calculate the remainder when 32473 is divided by 3363.
2206
Calculate the remainder when 11882670 is divided by 99.
96
Calculate the remainder when 363848 is divided by 413.
408
What is the remainder when 833639 is divided by 416768?
103
What is the remainder when 1500804 is divided by 250100?
204
What is the remainder when 36719 is divided by 5734?
2315
What is the remainder when 213379 is divided by 135?
79
What is the remainder when 8683095 is divided by 87708?
3
Calculate the remainder when 70497 is divided by 70011.
486
Calculate the remainder when 670908 is divided by 3336.
372
Calculate the remainder when 447187 is divided by 2745.
2497
Calculate the remainder when 10594999 is divided by 42.
37
Calculate the remainder when 296070470 is divided by 45.
35
What is the remainder when 14011176 is divided by 929?
927
Calculate the remainder when 1006326 is divided by 11978.
174
What is the remainder when 1320285 is divided by 816?
813
Calculate the remainder when 1052662 is divided by 3874.
2808
Calculate the remainder when 29646852 is divided by 260060.
12
Calculate the remainder when 797880 is divided by 10227.
174
Calculate the remainder when 774673 is divided by 128816.
1777
What is the remainder when 17190 is divided by 114?
90
What is the remainder when 1249851 is divided by 2097?
39
Calculate the remainder when 502892 is divided by 62.
10
Calculate the remainder when 96409 is divided by 8669.
1050
What is the remainder when 1388094 is divided by 6088?
30
Calculate the remainder when 31437613 is divided by 392.
389
What is the remainder when 2464088 is divided by 3520?
88
What is the remainder when 11721 is divided by 6291?
5430
What is the remainder when 771845 is divided by 40599?
464
Calculate the remainder when 955857 is divided by 3607.
2
Calculate the remainder when 20999396 is divided by 290.
206
What is the remainder when 45517777 is divided by 8?
1
Calculate the remainder when 2307671 is divided by 9.
8
What is the remainder when 256670 is divided by 1971?
440
Calculate the remainder when 4628028 is divided by 2714.
658
Calculate the remainder when 135392 is divided by 22520.
272
What is the remainder when 31894372 is divided by 5?
2
Calculate the remainder when 2660848 is divided by 15.
13
What is the remainder when 136648224 is divided by 2819?
18
What is the remainder when 759854 is divided by 56?
46
What is the remainder when 3881386 is divided by 776276?
6
Calculate the remainder when 1241219 is divided by 1240921.
298
What is the remainder when 5117237 is divided by 58?
13
Calculate the remainder when 53555262 is divided by 2187.
6
What is the remainder when 14725328 is divided by 1676?
1668
Calculate the remainder when 105240 is divided by 25.
15
Calculate the remainder when 5142521 is divided by 93.
86
What is the remainder when 902350 is divided by 1583?
40
Calculate the remainder when 9876070 is divided by 53.
50
What is the remainder when 18550 is divided by 2558?
644
What is the remainder when 29768185 is divided by 423?
406
What is the remainder when 11515891 is divided by 5757916?
59
What is the remainder when 119854517 is divided by 2341?
2340
Calculate the remainder when 503246 is divided by 38688.
302
What is the remainder when 12836309 is divided by 235?
139
What is the remainder when 120730 is divided by 2011?
70
What is the remainder when 1140514 is divided by 6099?
1
Calculate the remainder when 237059 is divided by 4559.
4550
Calculate the remainder when 507272 is divided by 29839.
9
What is the remainder when 6431918 is divided by 1286381?
13
What is the remainder when 8548828 is divided by 5153?
1
What is the remainder when 35514718 is divided by 10?
8
What is the remainder when 33409064 is divided by 12?
8
What is the remainder when 21324931 is divided by 866?
547
What is the remainder when 3172149 is divided by 58?
13
Calculate the remainder when 30005074 is divided